)).
4
(-4 - -1) + (44 - 42)
-1
What is 1 + -1 - (9 - 21 - -8)?
4
What is the value of -3 + -1 + 3 - -3?
2
-4 - ((6 - 13) + 4) - -2
1
Calculate (-2 - 1) + (15 - 7).
5
What is the value of -7 + -4 + 3 + 6?
-2
1 - (2 + 2) - (5 + -9)
1
-1 - ((3 - 3) + (-2 - -4))
-3
Calculate -1 - (7 - (-1 - -8)).
-1
What is 3 + (4 - 10) - (-17 + 17)?
-3
Evaluate (5 - (-6 + 5) - -4) + -4.
6
Calculate -3 + -1 - (-2 - (6 - 3)).
1
What is (0 - 3) + 3 + 4?
4
-17 + 14 + (0 - -8)
5
What is 1 + 6 + -3 - (6 + -6)?
4
What is the value of 4 - 3 - (1 - -4 - 7)?
3
Calculate -6 + 2 - (-10 + 3).
3
What is the value of 0 + 3 + (-2 - 4) - -2?
-1
What is (-3 - 7) + 2 - -11?
3
What is 0 - (2 + -2 - 10 - -5)?
5
Calculate -4 - (-3 + 3 + 2 - 7).
1
What is the value of -1 + 7 + 46 + -47?
5
Calculate 2 + -7 + (4 - (-3 - -3)).
-1
Calculate 0 + 4 - 14 - -13.
3
-13 + (7 - 11) + 9
-8
What is 2 + 1 + -6 + (-3 - -3)?
-3
Calculate 3 + (-2 - (2 + -2)).
1
Evaluate 25 + -23 + (0 - -3).
5
Calculate -1 + -1 - (0 - (-5 + 1)).
-6
(-8 - -7) + -3 + -1
-5
What is the value of 5 + -1 - (10 - 10)?
4
What is (-16 + 8 - 0) + 10 - 2?
0
What is 1 - ((6 - 0) + 5 + -7)?
-3
Evaluate -1 + 0 + (-6 - -3) + 0.
-4
Evaluate (-4 - (-14 - -7)) + (5 - 1).
7
Evaluate -10 - (7 + -12 - 2) - -3.
0
What is -1 + 8 + 57 + -56?
8
Evaluate (-8 + 1 - 7) + 9.
-5
What is the value of -5 + (4 - (2 + -2))?
-1
Evaluate (0 - -3) + (1 - 1).
3
What is 2 + 5 + 5 + -4 - 0?
8
0 + 4 - (9 + -4)
-1
-16 + -1 + 3 + 11
-3
Calculate -4 + (-1 - -2) + 8.
5
Calculate 0 - 3 - -5 - 6.
-4
Evaluate (2 - -9) + 24 + -43.
-8
Calculate -14 + 5 + 1 + 3.
-5
12 + -11 + 6 + -6
1
0 + -2 + 5 + (-1 - 3)
-1
What is the value of 11 - 17 - (0 - (0 - 5))?
-11
What is the value of -24 + 24 - (-1 + 3 - -2)?
-4
Calculate -2 - (-1 + 0) - -3 - -1.
3
What is -15 - (11 + -18 + 0)?
-8
Evaluate -4 + 9 + -9 - -4 - 4.
-4
(-16 - -9 - -13) + -2
4
2 + (-5 - (3 - 1))
-5
5 + (0 - 0 - 3)
2
4 + -4 + -4 + 4
0
What is the value of 1 + (3 - (0 + -3) - 3)?
4
Evaluate -5 - (10 + (-4 - 2) - 2).
-7
Evaluate 2 + -9 + 7 - -7.
7
(0 - (0 + 3)) + 3 + 0
0
Evaluate 3 - (3 + 5) - -5 - 0.
0
What is the value of -1 + 4 - (-23 - -33)?
-7
Calculate -4 - (-2 + 3 - 16 - -7).
4
Calculate -3 + (1 - (1 - 4)) + 4.
5
What is the value of -4 - (-11 + 2 - (3 + -8))?
0
Evaluate -4 - (3 - (4 - 0)).
-3
What is the value of 4 - (13 - (1 + 1)) - -1?
-6
What is the value of 1 + (6 - -1 - 5)?
3
Evaluate (22 - 29) + -2 + 8.
-1
Evaluate -3 - (1 + -5 + 9 + -10).
2
What is the value of -7 + 14 + -13 + 3 + 2?
-1
Calculate 3 + (0 - 1) + (7 - 3).
6
What is the value of 38 - 32 - (-1 + 9)?
-2
What is 11 + -17 + -1 + 6?
-1
What is the value of -5 - (-6 + 0 + 3)?
-2
What is (1 - 0) + -7 + 1?
-5
Calculate -10 - (29 + -34 - (2 - -1)).
-2
50 + -54 - (-4 + -1) - 3
-2
-3 - (-2 + 1 + (2 - 5))
1
What is the value of 23 + (10 - (25 + -2))?
10
Calculate -11 + (0 - -6) - -1.
-4
(3 + 0 + -4 - 0) + 3
2
What is (15 - 25) + 0 + 6?
-4
What is the value of 5 - (3 + 2 - 1)?
1
Evaluate -2 - 4 - (-43 + 30).
7
What is the value of -1 + (4 - 6) + 0 - -4?
1
Evaluate (7 - 13) + 0 - -14.
8
Calculate -6 - (2 - (-3 + 6) - 1).
-4
What is the value of -10 + (3 - -2) - 2 - -5?
-2
Evaluate 1 + -4 - (2 + 0 - 1).
-4
What is the value of 3 + (-4 + 4 - (-5 - -6))?
2
Evaluate -5 + ((4 - 7) + 2 - -4).
-2
Calculate 4 + (5 - (-3 + -1 + 10)).
3
Evaluate -5 + (2 - -1) - 2.
-4
Evaluate -6 + (6 + -7 - 4) + 6.
-5
What is -12 + 4 + (0 - -6)?
-2
What is the value of (2 - -2) + (-18 - -19) + -8?
-3
Evaluate -6 - ((-1 - 1) + -8 + 5).
-1
What is the value of (-1 - (6 + -14 + 1)) + -7?
-1
Evaluate 1 + (-4 - (0 + -3)).
0
Calculate (-9 + 7 - 2) + 1.
-3
Evaluate -50 + 55 + (0 - -1) + -2.
4
What is 5 + -6 + -3 + -1 + 1?
-4
What is the value of 3 - (-3 - -6) - (6 + 1)?
-7
What is the value of 2 + (-10 - (3 + -3 + -5))?
-3
6 - 11 - (-6 + 0)
1
Calculate 5 - (1 + 11 + -3).
-4
Evaluate -1 + -7 - (-174 + 171).
-5
3 - (3 + -3) - (6 - 8)
5
6 + -14 + (17 - (0 - -3))
6
Calculate 31 - 25 - (10 + 2).
-6
Calculate -4 - -11 - (20 + -14 + 6).
-5
(4 - (8 + -5 + -8)) + -5
4
Evaluate -3 + -1 + -1 + 0.
-5
Evaluate 0 - 5 - (2 - (-4 + 16)).
5
-2 + (2 - 1 - -5)
4
Calculate (8 - 2 - (-10 - -1)) + -7.
8
Evaluate 3 - 7 - (5 - 4).
-5
What is 0 + -4 + 0 + (40 - 37)?
-1
Evaluate 8 + -16 + 0 + 14.
6
(4 - (-14 - -17)) + 2
3
Calculate -11 - (-13 + -5) - 8.
-1
What is (11 - 2) + (-11 - 4)?
-6
Calculate -4 + (3 - (-4 + 1)) + -4.
-2
Calculate 5 + -5 + -7 + 4.
-3
What is 1 - (2 + 2 + -1)?
-2
Calculate -4 - (2 - (1 - -8)) - 4.
-1
Calculate (-20 - -20) + (7 + -1 - 1).
5
What is (6 + -2 - 0) + 1?
5
What is the value of 11 - ((4 - (3 - 2)) + 3)?
5
What is (0 - (2 - 6)) + 1?
5
What is the value of -9 + 33 + -14 + -1 + -1?
8
What is 3 + (-2 - (-2 + 3)) + -4?
-4
9 + -13 - (0 + 3)
-7
Evaluate 4 - (18 + 2 - 6).
-10
1 + 3 + 13 + -14 + -6
-3
Calculate 6 + -3 - (3 + -5).
5
Calculate -1 - 2 - -4 - (-24 + 18).
7
Evaluate 3 + (0 - 4) - 1.
-2
Evaluate 7 + -1 - (12 + (-16 - -3)).
7
What is the value of (-10 - 9) + (10 - -1)?
-8
Calculate -17 - -12 - (-3 - -1 - -2).
-5
What is the value of 4 + (-7 - -11) + -6?
2
What is (1 - -3) + (24 - 21)?
7
(-19 - -27) + (2 - 5 - 2)
3
Calculate (-4 + 1 - -4) + 2.
3
0 + (-5 - (-2 - 3))
0
What is the value of 7 + -6 - (0 - -4)?
-3
Calculate 14 - ((2 - -1) + 4).
7
What is the value of 185 + -187 + 3 + -1?
0
7 + -5 + -4 - (-1 - -2)
-3
What is -15 + 10 + 15 + -2?
8
What is 6 + -10 + 1 + 3 + -3?
-3
-8 - -4 - -8 - 0 - -5
9
Evaluate -5 + 2 + (-4 - -9 - 1).
1
Calculate 3 + -4 + -6 + 2 + 1.
-4
What is the value of 4 + (-5 - 0) + -4?
-5
-4 + 4 + 4 - 7
-3
What is the value of 3 + (-2 - 7) - (-1 - 12)?
7
Calculate -3 + 1 + (6 - (-3 - -5)).
2
(7 + -6 - -6) + -7
0
-7 + 23 - 2 - 6 - 3
5
What is the value of -7 - (-6 + 2) - -1?
-2
5 + -4 - -5 - (-3 + 15)
-6
2 + -4 + (-1 - 7 - -2)
-8
Evaluate -12 + -6 + (13 - (-3 + 4)).
-6
2 - -4 - 9 - 2
-5
Calculate -2 + 5 + 4 + -2 - -3.
8
What is the value of (-10 - -2) + 6 - (1 + -4)?
1
Calculate -51 + 46 + (12 - (2 + 1)).
4
Evaluate -1 + 13 + -5 + -15.
-8
Calculate (-55 - -54) + (2 - 0).
1
What is 9 + (5 + -7 - 0)?
7
What is (-9 - -17) + -6 + -1?
1
Calculate -4 - (-7 - (-4 + 4)).
3
Evaluate (3 - -2) + 4 + -5.
4
What is 4 - (23 - 8) - -5?
-6
Evaluate -2 - 1 - -1 - 1.
-3
What is -2 + 3 - (0 + 3)?
-2
Evaluate 2 - -2 - (10 + -9).
3
Calculate 2 + (-7 - -14) + -15.
-6
What is the value of 0 + 1 - (18 - 17)?
0
Calculate -14 + 12 + 1 + 2.
1
What is the value of -11 - -2 - (3 - 6) - -6?
0
What is -2 - (0 + -5 + 0)?
3
(3 - -2) + (-10 - (2 - 9))
2
What is the value of 0 + (-1 - -1) + (-2 - 0)?
-2
-4 + 2 - -2 - (-4 - -4)
0
Calculate (11 - (0 - -4)) + -5.
2
Evaluate -2 + 4 + -4 + 4 + -5.
-3
What is -2 - (5 + -2) - (0 + -1)?
-4
What is 2 + 3 + (-1 - -8) + -7?
5
-9 + (-5 + 8 - -5)
-1
Evaluate 9 + -9 - (0 + -3).
3
Evaluate (-3 - (1 - 1)) + (-3 - -1).
-5
What is the value of 6 + (-8 - -6) - (1 - 0)?
3
Calculate -2 - -3 - (6 - 10).
5
Evaluate -1 - -7 - (-15 - -18).
3
Evaluate -5 - (-3 + -1 - -1).
-2
1 + -1 + (-2 - -5) - -2
5
9 + (-8 - (-3 + -1))
5
-3 + 7 + -5 - (1 + 0)
-2
-3 + 0 + 4 - (14 - 7)
-6
What is 4 + -1 + 2 - (16 - 9)?
-2
What is the value of 2 + -7 + 15 + -4?
6
3 - (4 + (-5 - -1))
3
Calculate (6 - 1) + -11 - (-2 + -1).
-3
-3 + (-1 - 3) + 7 + -3
-3
Calculate (-1 - -4) + 7 - 5.
5
What is the value of -1 - -1 - (1 + -2 - -1)?
0
What is the value of 0 + (-2 - -3 - -6) + -14?
-7
Evaluate (4 - 6 - 1) + (1 - 1).
-3
-10 + 7 - (-15 - -2)
10
0 - (3 + -1 - 6)
4
What is 0 + 2 + -3 - (-4 + 2)?
1
Evaluate 2 + (-15 - (7 - 17)).
-3
Evaluate 4 - ((-3 - -8) + -5) - 4.
0
Evaluate -2 - (-5 - (-5 - -5)).
3
3 + -4 + 5 - 6
-2
Evaluate -15 + 6 + 2 + (6 - -1).
0
What is the value of 0 - 1 - (-4 + 2 - 1)?
2
-4 - (0 - (-3 + (2 - -1)))
-4
Evaluate -15 + 15 + -4 + 0.
-4
What is 1 + 3 + 0 + -8?
-4
What is -1 + (-4 - 1) + (4 - -3)?
1
Calculate 1 + (0 - -4) + -6 + -2.
-3
Evaluate 0 + 6 + 1 + -6 + 0.
1
-2 - ((-4 - -2) + (-6 - -4))
2
What is 0 - (6 + -12) - 11?
-5
Evaluate (-2 - -3) + 3 + -2 + -5.
-3
Evaluate -14 + (1 - -1) + (46 - 40).
-6
What is the value of (5 - -1) + -6 - (5 - 0)?
-5
What is the value of (5 + -1 - 3) + 0 + 2?
3
Calculate (0 - (-1 + 3)) + (12 - 12).
-2
Evaluate -74 + 65 - (-2 - 4).
-3
Calculate -32 + 28 - (-6 + 1) - -3.
4
Calculate -3 - (-5 + 7 + -3 + -3).
1
Calculate 0 + 1 + 0 - (-361 - -354).
8
W